ist the prime factors of 1407.
3, 7, 67
List the prime factors of 796.
2, 199
What are the prime factors of 2231?
23, 97
List the prime factors of 8315.
5, 1663
List the prime factors of 1052.
2, 263
What are the prime factors of 20848?
2, 1303
What are the prime factors of 12528?
2, 3, 29
What are the prime factors of 7207?
7207
List the prime factors of 3832.
2, 479
List the prime factors of 8679.
3, 11, 263
What are the prime factors of 5093?
11, 463
List the prime factors of 62352.
2, 3, 433
What are the prime factors of 6334?
2, 3167
List the prime factors of 918.
2, 3, 17
What are the prime factors of 6468?
2, 3, 7, 11
List the prime factors of 441.
3, 7
What are the prime factors of 3289?
11, 13, 23
What are the prime factors of 109972?
2, 19, 1447
What are the prime factors of 108303?
3, 13, 2777
List the prime factors of 44590.
2, 5, 7, 13
List the prime factors of 8199.
3, 911
What are the prime factors of 6567?
3, 11, 199
List the prime factors of 4608.
2, 3
What are the prime factors of 11825?
5, 11, 43
List the prime factors of 1814.
2, 907
List the prime factors of 12107.
12107
What are the prime factors of 72142?
2, 7, 5153
What are the prime factors of 822?
2, 3, 137
What are the prime factors of 17162?
2, 8581
What are the prime factors of 1603?
7, 229
What are the prime factors of 5239?
13, 31
List the prime factors of 1061.
1061
What are the prime factors of 970?
2, 5, 97
List the prime factors of 2590.
2, 5, 7, 37
What are the prime factors of 103581?
3, 17, 677
List the prime factors of 61023.
3, 20341
What are the prime factors of 40?
2, 5
List the prime factors of 1110.
2, 3, 5, 37
What are the prime factors of 18770?
2, 5, 1877
List the prime factors of 2462.
2, 1231
What are the prime factors of 17346?
2, 3, 7, 59
List the prime factors of 2379.
3, 13, 61
List the prime factors of 107.
107
List the prime factors of 9841.
13, 757
List the prime factors of 59968.
2, 937
What are the prime factors of 24476?
2, 29, 211
List the prime factors of 1765.
5, 353
What are the prime factors of 56?
2, 7
List the prime factors of 327.
3, 109
What are the prime factors of 1076?
2, 269
List the prime factors of 2961.
3, 7, 47
List the prime factors of 5167.
5167
List the prime factors of 2414.
2, 17, 71
What are the prime factors of 3513?
3, 1171
List the prime factors of 969.
3, 17, 19
What are the prime factors of 694?
2, 347
What are the prime factors of 572?
2, 11, 13
List the prime factors of 41671.
7, 5953
What are the prime factors of 185?
5, 37
What are the prime factors of 668?
2, 167
List the prime factors of 126282.
2, 3, 13, 1619
What are the prime factors of 53?
53
List the prime factors of 585.
3, 5, 13
List the prime factors of 4198.
2, 2099
List the prime factors of 12668.
2, 3167
List the prime factors of 20842.
2, 17, 613
List the prime factors of 1768.
2, 13, 17
What are the prime factors of 837?
3, 31
What are the prime factors of 75246?
2, 3, 12541
List the prime factors of 185.
5, 37
List the prime factors of 45082.
2, 22541
What are the prime factors of 3187?
3187
List the prime factors of 20334.
2, 3, 3389
What are the prime factors of 14552?
2, 17, 107
List the prime factors of 1734.
2, 3, 17
What are the prime factors of 1957?
19, 103
List the prime factors of 26255.
5, 59, 89
What are the prime factors of 644?
2, 7, 23
What are the prime factors of 1700?
2, 5, 17
What are the prime factors of 1141?
7, 163
What are the prime factors of 204?
2, 3, 17
What are the prime factors of 24055?
5, 17, 283
What are the prime factors of 43231?
17, 2543
List the prime factors of 10574.
2, 17, 311
List the prime factors of 8591.
11, 71
List the prime factors of 84425.
5, 11, 307
List the prime factors of 544.
2, 17
List the prime factors of 37738.
2, 18869
What are the prime factors of 9572?
2, 2393
What are the prime factors of 2709?
3, 7, 43
What are the prime factors of 20367?
3, 31, 73
List the prime factors of 793.
13, 61
List the prime factors of 495.
3, 5, 11
What are the prime factors of 31661?
7, 4523
List the prime factors of 9118.
2, 47, 97
List the prime factors of 4218.
2, 3, 19, 37
What are the prime factors of 21925?
5, 877
List the prime factors of 6512.
2, 11, 37
What are the prime factors of 3114?
2, 3, 173
What are the prime factors of 56441?
7, 11, 733
List the prime factors of 1412.
2, 353
What are the prime factors of 2422?
2, 7, 173
List the prime factors of 1020.
2, 3, 5, 17
What are the prime factors of 6236?
2, 1559
What are the prime factors of 41777?
41777
List the prime factors of 475.
5, 19
List the prime factors of 12627.
3, 23, 61
What are the prime factors of 387?
3, 43
What are the prime factors of 302?
2, 151
List the prime factors of 16324.
2, 7, 11, 53
List the prime factors of 14755.
5, 13, 227
What are the prime factors of 12312?
2, 3, 19
List the prime factors of 7433.
7433
What are the prime factors of 2152?
2, 269
List the prime factors of 5279.
5279
What are the prime factors of 1326?
2, 3, 13, 17
List the prime factors of 553.
7, 79
What are the prime factors of 61725?
3, 5, 823
List the prime factors of 13299.
3, 11, 13, 31
What are the prime factors of 10023?
3, 13, 257
What are the prime factors of 1458?
2, 3
List the prime factors of 12392.
2, 1549
What are the prime factors of 713?
23, 31
What are the prime factors of 721?
7, 103
What are the prime factors of 6223?
7, 127
What are the prime factors of 145440?
2, 3, 5, 101
What are the prime factors of 56220?
2, 3, 5, 937
What are the prime factors of 1640?
2, 5, 41
What are the prime factors of 3692?
2, 13, 71
List the prime factors of 70938.
2, 3, 7, 563
What are the prime factors of 1306?
2, 653
What are the prime factors of 23986?
2, 67, 179
List the prime factors of 4543.
7, 11, 59
List the prime factors of 1230.
2, 3, 5, 41
List the prime factors of 204.
2, 3, 17
List the prime factors of 469.
7, 67
List the prime factors of 13479.
3, 4493
What are the prime factors of 2847?
3, 13, 73
What are the prime factors of 53114?
2, 26557
What are the prime factors of 8310?
2, 3, 5, 277
List the prime factors of 6325.
5, 11, 23
What are the prime factors of 99415?
5, 59, 337
What are the prime factors of 7315?
5, 7, 11, 19
List the prime factors of 17398.
2, 8699
What are the prime factors of 23?
23
List the prime factors of 1867.
1867
What are the prime factors of 3751?
11, 31
List the prime factors of 4223.
41, 103
List the prime factors of 30554.
2, 15277
List the prime factors of 458.
2, 229
List the prime factors of 4689.
3, 521
What are the prime factors of 4385?
5, 877
What are the prime factors of 4745?
5, 13, 73
What are the prime factors of 900?
2, 3, 5
What are the prime factors of 167968?
2, 29, 181
List the prime factors of 11487.
3, 7, 547
List the prime factors of 10168.
2, 31, 41
List the prime factors of 40313.
7, 13, 443
What are the prime factors of 1056?
2, 3, 11
List the prime factors of 2671.
2671
What are the prime factors of 1563?
3, 521
List the prime factors of 149217.
3, 49739
What are the prime factors of 71717?
29, 2473
List the prime factors of 73407.
3, 24469
List the prime factors of 127.
127
List the prime factors of 10638.
2, 3, 197
What are the prime factors of 5664?
2, 3, 59
List the prime factors of 14985.
3, 5, 37
List the prime factors of 244.
2, 61
List the prime factors of 408.
2, 3, 17
What are the prime factors of 3829?
7, 547
What are the prime factors of 6457?
11, 587
List the prime factors of 165361.
7, 23623
What are the prime factors of 105746?
2, 37, 1429
What are the prime factors of 74130?
2, 3, 5, 7, 353
What are the prime factors of 53494?
2, 7, 3821
List the prime factors of 164142.
2, 3, 11, 829
List the prime factors of 5558.
2, 7, 397
What are the prime factors of 2832?
2, 3, 59
List the prime factors of 344.
2, 43
List the prime factors of 95.
5, 19
What are the prime factors of 6775?
5, 271
What are the prime factors of 8883?
3, 7, 47
What are the prime factors of 804?
2, 3, 67
List the prime factors of 282.
2, 3, 47
What are the prime factors of 1664?
2, 13
What are the prime factors of 562?
2, 281
List the prime factors of 956.
2, 239
List the prime factors of 4685.
5, 937
List the prime factors of 887.
887
What are the prime factors of 46?
2, 23
What are the pr